visor of k and 1?
1
Let w = 21 - -20. Suppose 2*m - 5 = w. Let r be 3 + (0 - (86 - 0)*58/(-116)). Calculate the highest common divisor of m and r.
23
Suppose -2*y - 2 = -24. Let k be y/((-198)/(-1624)) - 4/18. Calculate the highest common divisor of 10 and k.
10
Let n = 2859 + -2400. Calculate the highest common factor of 243 and n.
27
Let r be 238 + -2 + (4 - -4) + 27/(-3). Calculate the highest common factor of 10058 and r.
47
Let g = -3688 + 3694. Calculate the greatest common divisor of g and 4170.
6
Let v = 13 + -4. Let n(j) = j**2 + 29*j - 290. Suppose 0 = 3*l - 46*l - 1591. Let h be n(l). What is the highest common factor of v and h?
3
Let s be ((-1)/3 - 1873/15)/(429/(-10725)). Calculate the highest common divisor of s and 20.
10
Suppose -51 = -5*i + 4*i - 4*c, 92 = 2*i - 2*c. What is the greatest common factor of 188 and i?
47
Suppose 144*y - 2577960 = -171*y. Calculate the highest common divisor of y and 496.
248
Let b = 86 + -78. Suppose -3*x = -b*x + 135. Calculate the highest common divisor of x and 81.
27
Suppose 6*k - 4*k - 18 = 0. Let a(m) = -64 + 184 - 55 - 45 + 2*m - m. Let b be a(-8). Calculate the greatest common divisor of k and b.
3
Let d(v) = v**3 + 3*v**2 - 5*v - 3. Let o be d(-3). Suppose 388 + o = 4*u. What is the greatest common divisor of 4 and u?
4
Let w be (-1)/(-5)*2*(-150)/180*-264. Calculate the highest common factor of 128 and w.
8
Let j(h) = -490*h + 17077. Let w be j(32). What is the greatest common factor of w and 2159?
127
Let s be (-1 + 2)*(-36 + 58). Suppose -336 = 16*y - s*y. What is the greatest common factor of y and 21?
7
Let w = 19871 + -18036. Calculate the highest common divisor of w and 20.
5
Let z(u) = -3*u**3 + 56*u**2 - 30*u - 43. Suppose 80*p = 86*p - 108. Let r be z(p). Calculate the greatest common divisor of 104 and r.
13
Suppose 43*r - 44*r = 53. Let c = 178 + r. Calculate the highest common factor of c and 100.
25
Let o = -21304 + 21306. What is the greatest common factor of o and 624?
2
Let j(w) = -23*w - 43. Let d = -790 - -787. Let g be j(d). Let f(z) = -78*z. Let r be f(-2). What is the greatest common factor of r and g?
26
Suppose 5*k - 1 = 4*k + 2*s, -2*k + 7 = -5*s. Let p(t) = -26*t + 144. Let v be p(k). Calculate the greatest common factor of 54 and v.
54
Suppose -4*t - 3*p = -94513, 5*p = -3*t + 28424 + 42447. Calculate the greatest common factor of t and 112.
112
Let m(k) = -5*k - 37. Let i be m(-12). Suppose 4*n + 3 = i. Suppose -91 = -12*g + n*g. What is the highest common divisor of g and 65?
13
Let r(h) = 2*h + 7. Let n be r(12). Suppose 4*q + a = 1729, -5*q + 2209 - 4 = -5*a. Calculate the highest common factor of n and q.
31
Suppose 4*v - 10 = 5*m, m + v = 1 + 6. Let w(d) = -2*d - d + 4*d + 2 + 9*d. Let z be w(m). Calculate the highest common divisor of z and 22.
22
Suppose 1843 + 4734 - 907 = 27*i. Calculate the greatest common divisor of i and 1498.
14
Let s = 16011 + -14517. Calculate the highest common divisor of s and 108.
18
Let j be 24/180 + (-2696)/(-30). Calculate the highest common factor of 2502 and j.
18
Let f be (375/275)/(-15) - ((-167448)/22)/3. Calculate the highest common divisor of 215 and f.
43
Let w be 10/75 - 5/(150/4). Suppose w = 40*a - 18*a - 484. Let n = -8 + 19. Calculate the highest common factor of a and n.
11
Let l(q) = q**2 + q + 715. Let s be l(0). Let c be 2/(-9) + 20 + (-16687)/(-369). What is the greatest common divisor of s and c?
65
Let g be 16720/(-40)*14/(-4). Calculate the highest common divisor of g and 55.
11
Let y(w) = 6*w - 2. Let u be y(1). Suppose -u*x = -0*x + 2*l - 96, 2*x = 5*l + 48. Calculate the greatest common factor of 300 and x.
12
Let a(p) = 28*p**2 + 4*p. Let l be a(-3). Let q be 4 + 9/(-6) + (-187)/(-2). What is the highest common divisor of q and l?
48
Suppose -6*f + 9*f + 5*d - 273 = 0, 279 = 3*f + 3*d. What is the greatest common divisor of 116 and f?
4
Let z be (-368)/(-2) - 5 - 2. Suppose -3*x - 172 = -d, -d + 0*d = -2*x - z. What is the greatest common divisor of 34 and d?
17
Let v(c) = -10*c**3 + 4*c**2 + 2*c - 4. Let w be v(-3). Suppose -132 = -3*g + 6*d - 42, 0 = -2*g - 3*d - 17. Calculate the highest common divisor of w and g.
8
Let w(l) = 2*l**2 + 38*l - 380. Let s be w(8). Calculate the greatest common factor of s and 221.
13
Suppose -28*w + 51437 = 49673. Let f(s) = -49*s. Let q be f(-3). What is the highest common divisor of q and w?
21
Suppose 0 = -372*s + 370*s. Suppose s = -21*r + 530 + 646. What is the greatest common factor of r and 42?
14
Suppose 5*a + 0*k + 14330 = 4*k, -4*a - 5*k - 11464 = 0. Let p be (-2)/9 - a/18. Let i = -84 + p. What is the highest common divisor of 30 and i?
15
Let m(f) = 7*f. Let x be m(1). Suppose 3*p + t - 34 = 0, -5*p + 4*t + 27 = -58. Suppose 2*h - p*h = -693. Calculate the highest common divisor of h and x.
7
Suppose 0 = 13*v + 12*v + 250. Let z be v/(-70)*-6*483/(-3). What is the greatest common divisor of 46 and z?
46
Let w(t) = 2*t**3 + 22*t**2 - 48*t + 135. Let u be w(-13). What is the greatest common divisor of u and 664?
83
Let h = 7877 - 7397. What is the greatest common factor of 224 and h?
32
Let y be 2/2 - (-449 + 0). Let u = 934 - y. Calculate the highest common factor of u and 44.
44
Let s(k) = -9*k - 349. Let o be s(-40). Let g = -8 - -15. Suppose q = -2*u - u + g, 2*u - o = -q. Calculate the highest common factor of q and 38.
19
Let j = 8615 - 7802. What is the highest common divisor of 6 and j?
3
Suppose 95 + 513 = 2*v. Let r(o) = 2*o**3 + 96*o**2 - 647*o + 168. Let j be r(-54). What is the greatest common divisor of j and v?
38
Let c(x) = 2988*x + 4974. Let z be c(2). What is the highest common factor of 300 and z?
150
Let f = -9128 - -9145. Let i be 3*(1 + (-14)/(-3)). Calculate the greatest common factor of f and i.
17
Suppose -4*a + 84 = 5*u - 42, -4*u = -2*a - 132. Calculate the greatest common divisor of u and 3320.
10
Suppose -2*h + 5*b + 6 = 0, 3*b = -5*h - b + 81. Suppose 0 = -3*n - 4*t + 253, -5*t = -660*n + 659*n + 116. Calculate the highest common factor of n and h.
13
Let m be ((-663)/(-21) + 1)/(2/21). What is the greatest common factor of m and 570?
114
Let d be (-10)/35*-1 + (-8388)/(-42). Calculate the highest common divisor of 75 and d.
25
Let t be (6/(-9))/((-5)/60). Let b be t/(-2)*34/(-4). Suppose 4*y = 63 + 141. What is the greatest common divisor of b and y?
17
Let z(o) = 92*o**2 - 12*o. Let k be z(8). Calculate the highest common factor of k and 256.
32
Suppose 40720*k - 41943 = 40717*k. Calculate the greatest common factor of k and 41.
41
Suppose 0 = 20*g + g - 20601. Let r = g + -277. What is the highest common divisor of 22 and r?
22
Suppose 4*v + 7 = 19, -1032 = -5*r + v. Let g = -1042 - -1060. Calculate the greatest common divisor of g and r.
9
Suppose 4*a - 14 = 2*a. Suppose 39 = 4*o + a. Suppose 38 = o*d - 42. What is the greatest common factor of d and 4?
2
Suppose 48*s = 43*s + 4*l + 716, 0 = -2*l - 18. Let w be 3/(-2)*(-24)/(-9). Let j be (-201)/(-6) - 2/w. Calculate the highest common divisor of s and j.
34
Suppose 0 = 92*c - 89*c - 528. What is the greatest common factor of 592 and c?
16
Let k(w) = 5*w**2 - 18*w - 87. Let q be k(-3). Calculate the highest common divisor of 750 and q.
6
Let s = 216 - 125. Suppose 0 = 87*t - s*t + 80. Let r = -3 - -11. Calculate the greatest common divisor of r and t.
4
Suppose 20*o - 57 = 3. Suppose o*s + 108 = 3*w, -3*s + 153 = 5*w + s. Calculate the greatest common divisor of 297 and w.
33
Let c(u) = 13*u - 9. Let b(x) = x**2 - 6. Let o be b(3). Let m be c(o). Let h be (-783)/(-81) - (-2)/6. What is the greatest common divisor of m and h?
10
Suppose 0*m - 2*s - 1370 = 4*m, s - 1 = 0. Let k = m + 447. What is the greatest common factor of 4 and k?
4
Let w be (-1006)/(-9) - 6/(-27). Let y = -322 + 326. Suppose -2*z + 10 = 0, 5*g + y*z = 6*z + 60. What is the greatest common divisor of g and w?
14
Let s(y) = -y**3 + 64*y**2 + 2*y - 15. Let p be s(64). Calculate the greatest common divisor of p and 452.
113
Let r be -1*(4 + 3) - -151. Let q(f) = -f**3 + 5*f**2 + 6*f + 2. Let h be q(6). Let c be (h/(-4))/(5/(-160)). Calculate the highest common divisor of c and r.
16
Let k(h) = h**2 + 71*h - 516. Let o be k(7). Suppose 2*b - 924 - 1281 = 3*i, 0 = -5*b + 5*i + 5525. Calculate the high